r of 3 and i?
3
Let j = 16 - 4. Calculate the greatest common divisor of j and 18.
6
Suppose 2*d - 1 = v, 2*v - 4*d = d - 5. What is the highest common divisor of 20 and v?
5
Suppose 5*m - 8 = 7. Let p(a) = a + 3. Let s be p(-8). Let l = s - -8. What is the highest common factor of l and m?
3
Suppose 0 = 4*l - 0*l - 224. Calculate the greatest common divisor of 8 and l.
8
Let c be (8/3)/(8/12). Suppose 5*s = -5*p + 15, 0 = p + p + 10. Calculate the highest common factor of s and c.
4
Suppose 0*a + 4*a + 4 = 0. Let d(y) = 9*y**2 + y. Let j be d(a). Let m be 2/(-3 + 1)*-88. What is the highest common divisor of m and j?
8
Let k be (-2)/(4/(-64)*1). What is the highest common factor of 8 and k?
8
Let k = 17 + -15. What is the highest common factor of k and 1?
1
Suppose 3*k - 5 = 7. Suppose -2*j = 4, 4*c - j = -c + 102. Calculate the highest common divisor of k and c.
4
Let w(b) = -b**2 - 9*b + 3. Suppose -j + 50 = -6*j. Let k be w(j). Let t = 23 + k. What is the highest common factor of t and 48?
16
Suppose o + 1 = -2. Let y be 2/(-1 - o) + 7. Calculate the highest common divisor of 8 and y.
8
Suppose -5*x = j - 23, j = -5*x + 3*x + 11. Suppose -s - j = -15. Let z(l) = -l**2 - 8*l + 9. Let n be z(-5). What is the greatest common factor of n and s?
12
Let a(w) = w**2 - 5*w - 1. Let f be a(6). Suppose -13 = -l + f. Suppose 0 = 4*p - 7*p + 135. Calculate the greatest common divisor of p and l.
9
Let q(p) = 4*p**2 - 2*p - 1. Let y be q(2). Suppose -4*f + 275 = f. What is the highest common divisor of y and f?
11
Suppose 7*p - 11*p = -360. Suppose -2*g - 18 = 2. Let f = 0 - g. Calculate the greatest common divisor of f and p.
10
Let z be 15*(3 + 0/(-3)). Suppose -4 = -2*h - 0. Suppose 5*k + z = 2*x, 0*k - h*k = 6. What is the highest common factor of 10 and x?
5
Suppose -2*w - 5*c + 12 = 0, -2*w + w + c = 1. Let i be (-3 + w)/(1/(-16)). Suppose j = -j + i. What is the highest common divisor of 8 and j?
8
Let c be (-4 - -2) + 54 - (1 + -5). What is the greatest common factor of c and 140?
28
Let z(d) = 8*d - 1. Let g(w) = -w - 1. Let l(v) = 3*g(v) + z(v). Let c be l(3). What is the greatest common factor of c and 11?
11
Let w = 129 - 73. Let z = 0 - -7. Suppose -i = -2*i + z. What is the highest common divisor of w and i?
7
Suppose 3*m = -t + 43, 0*m = -m + 5*t + 25. Calculate the highest common factor of 25 and m.
5
Let o(x) = -2*x - 5. Let z be o(-3). Calculate the highest common divisor of z and 2.
1
Let c(p) = p**2 + 4*p - 12. Let b be c(-11). What is the greatest common factor of 13 and b?
13
Let j = 96 - 90. What is the highest common divisor of j and 48?
6
Let y be (-3)/12 + (-938)/(-8). Suppose -3*v - 4*g + 9*g - 8 = 0, 3*v = 3*g. Suppose -v*j = -0*j - 52. What is the greatest common factor of y and j?
13
Suppose 2*q + 6 = -2*l, -5*q + 6 = 2*l + 3. Let v = 22 + l. Calculate the greatest common divisor of 32 and v.
16
Suppose 3*m - 2 = y, 0*m = 4*y - 3*m - 19. Let t(s) = s**3 - 8*s**2 + 7*s + 2. Let o be t(y). Calculate the greatest common divisor of o and 10.
2
Suppose 3*d - 98 = 7. Suppose q = -6*q + 49. Calculate the greatest common divisor of q and d.
7
Suppose 0 = 4*l + 5*f - 39, l + f - 59 = -3*l. Calculate the highest common factor of 40 and l.
8
Let h(f) = -f**2 + 5*f + 8. Let c be h(6). Suppose -c*o = 2*o - 44. Calculate the highest common divisor of o and 121.
11
Let j(u) = u**3 + 5*u**2 + 3*u - 2. Let z be (16/(-20))/(2/10). Let t be j(z). Suppose t*b = 5*b - 36. What is the highest common factor of 60 and b?
12
Suppose -2*q = -0*m + 2*m + 14, 3*m + 2*q = -22. Let c = m - -15. What is the highest common divisor of 28 and c?
7
Suppose 15*i - 154 = 8*i. What is the greatest common divisor of 55 and i?
11
Let u be (1/2)/(2/36). Suppose 0 = -2*x - 3*o, -2*x + 0*x = -5*o - 16. Calculate the highest common divisor of u and x.
3
Let o = -50 - -85. Suppose -4*y + 12 = -16. Let m = y - 2. Calculate the greatest common divisor of m and o.
5
Suppose 5*o - 18 = -2*n + 2*o, 5*n + 5*o - 55 = 0. Calculate the greatest common divisor of 5 and n.
5
Suppose -2*d = -5*d. Let a = 10 + d. Calculate the highest common factor of 4 and a.
2
Let a(l) = -2 + 8*l - l**2 + 0*l**2 + 5*l + 10. Let y = -9 + 15. Let w be a(y). Calculate the greatest common divisor of 5 and w.
5
Let g(o) = -o**2 - 28*o + 22. Let v be g(-15). Calculate the highest common divisor of 31 and v.
31
Let y be 2/(4*3/132). Calculate the greatest common divisor of y and 132.
22
Let y(o) = -3*o**3 + o. Let k be y(1). Let w be (-994)/(-49) + k/7. What is the highest common factor of w and 220?
20
Let b be 10/(-65) + (-327)/(-13). Suppose 2*p + 21 = b. What is the greatest common divisor of p and 18?
2
Let a = 4 + 2. Suppose j + 568 = 5*j. Suppose 2*f + 34 - j = 0. Calculate the highest common factor of a and f.
6
Suppose 3*d = -q + 2, 3*d + d + 4*q = 16. Let x be -1*(-7 - d)/1. Suppose -h + 96 = 3*h. Calculate the highest common factor of h and x.
6
Let j be (-59 + (0 - -3))*-1. Calculate the highest common divisor of j and 8.
8
Let x(k) = 3*k + 3. Suppose 0 = p + p + 8. Let o be x(p). Let v be 17/(-2 + (-21)/o). Calculate the highest common divisor of v and 34.
17
Let d(u) = u + 8. Let t be d(-8). Suppose t*r = -r + 35. Suppose 2*s = 16 - 6. Calculate the greatest common divisor of s and r.
5
Let c be 256/24*3/2. Let d be (8/6)/((-4)/(-6)). Suppose -d*r + 27 - 1 = 5*a, 0 = -2*r + 2*a + 12. What is the greatest common divisor of c and r?
8
Suppose -s + 52 + 68 = 0. What is the highest common factor of s and 72?
24
Suppose 2*t - 6*t - h + 229 = 0, -2*t - h = -117. Calculate the highest common divisor of t and 7.
7
Let k(h) = -h**2 + 9*h - 12. Let q be k(6). Let n be (0 + 8)/2 - 2. Calculate the greatest common divisor of q and n.
2
Let b = 1 + 2. Suppose -14 = -i + 5*c + 7, 83 = 5*i - b*c. Let v = 36 - 20. Calculate the greatest common factor of i and v.
16
Suppose 2*h - 43 = 37. Calculate the greatest common factor of h and 4.
4
Suppose -5*v + 20 = 4*b - 52, 0 = 4*v - 3*b - 39. Let r be (-7 + 1)*(-3 + 2). Let j be ((-9)/r)/((-4)/64). What is the highest common divisor of j and v?
12
Let m(k) = -k**3 - 17*k**2 + k + 25. Let c be m(-17). Calculate the greatest common factor of 64 and c.
8
Let c(k) = k + 14. Suppose -2*v = 11 + 3. Let j be c(v). Suppose -28 = -r - r. What is the highest common divisor of r and j?
7
Suppose 8 = -4*v - 4. Let o be (-7)/v - (-3)/(-9). Let r = 3 - o. What is the highest common factor of 9 and r?
1
Suppose -5*i + 1568 = 2*i. What is the highest common divisor of 14 and i?
14
Let z = 10 + -7. Suppose -z*x = 2*x - 65. Let f = 56 - -9. What is the highest common factor of x and f?
13
Let o = 547 - 131. What is the highest common divisor of o and 13?
13
Suppose -19*j + 42 = -16*j. Let p(d) = -d**2 + 12*d - 1. Let r be p(6). What is the greatest common divisor of j and r?
7
Let l(o) = -o**2 + 9*o - 4. Let d be l(7). Let i(j) = j**2 - 4. Let t be i(d). What is the highest common factor of t and 12?
12
Suppose 4 = -3*p - 2. Let t = 6 - p. What is the greatest common factor of t and 40?
8
Let a(x) = 36*x + 1. Let d be a(-1). Let s = d - -49. Suppose -3*z - 114 = -5*h, -3*h + 2*z - 36 = -5*h. Calculate the highest common divisor of s and h.
7
Let t = -1 - -2. Let y(x) = -2*x - 1. Let h be y(t). Let g(k) = -2*k**3 - 3*k**2 + 4*k - 1. Let w be g(h). What is the greatest common divisor of 7 and w?
7
Let c be (0 + (15 - -3))*(-60)/(-8). What is the greatest common factor of c and 15?
15
Let b = 101 + -86. Let h(y) = y**3 + 3*y**2 - 6*y - 2. Let u be h(-4). Calculate the greatest common divisor of b and u.
3
Let v = 9 + -7. Let f(j) = -v*j - 2*j - 6 + 6*j + 1. Let l be f(4). What is the greatest common divisor of 15 and l?
3
Suppose -5*p + 324 = 4*p. Suppose -5*g + 45 = -k, -22 = -5*g + 2*k + 23. What is the highest common divisor of g and p?
9
Let v be 2/(-4)*0 - -56. Suppose -5*m - 10 = -g, -7 = -5*g + 3*m - 1. Suppose g = -5*h + v + 54. What is the highest common divisor of h and 88?
22
Suppose n + 0*n = -165. Let w = 235 + n. Suppose 2*k + 3*k - 50 = 0. What is the highest common factor of k and w?
10
Let l = -80 - -43. Let w = l - -77. Calculate the greatest common divisor of w and 5.
5
Suppose 2*w - 5 = w, 0 = 3*u - 3*w - 345. Let v be (-94)/(-4) - 3/(-6). What is the hig